t - 3*y, y - 4*y = -4*t + 387. What is the remainder when t is divided by 32?
29
Let s be 1/((-2)/4) - 10. Let x = s + 21. Suppose 5*k - 2*c = 130, -3*k - 3*c + 0*c + 78 = 0. What is the remainder when k is divided by x?
8
Calculate the remainder when 4 - 0 - -44 - 0 is divided by 10.
8
Suppose -m - 3*m = -8. Suppose 4*o - 59 = -3. What is the remainder when 35 is divided by o + m/(-2) + -1?
11
Let f = -11 - -10. Let z = f - 1. Calculate the remainder when 37 is divided by -2 - (-1)/(z/(-24)).
7
Suppose -3*c - c - 5*d + 30 = 0, d = 2*c - 8. Suppose 4*i - 11 = c. Suppose -g - 52 = -i*z + 3*g, 71 = 5*z + g. Calculate the remainder when z is divided by 5.
4
Let f(l) = -57*l**3 - l. Suppose 4*b + 79 = -5*d, -4*b = 4*d + 4 + 72. Let q = b - -36. Calculate the remainder when f(-1) is divided by q.
18
Suppose -204 = -7*q + 20. What is the remainder when q is divided by 12?
8
Let k(y) = -y**2 - 11*y - 3. What is the remainder when 20*(-2 - -5 - 1) is divided by k(-8)?
19
Let m(o) = -16*o**3 - 2*o**2 - o + 2. Suppose -5*y + 2*x - 12 - 4 = 0, -3*x = 2*y - 5. Let n be m(y). What is the remainder when 6/(-4)*n/(-6) is divided by 11?
9
Let f = 9 - 9. Suppose f = -l + 2, 4*l = 4*n - n - 7. Calculate the remainder when -1 + 5/(n/66) is divided by 17.
14
Suppose 5*j - j - 104 = 0. Let m = 3 - 1. Suppose 2*r - 12 = -n + 3*r, 0 = m*n + 3*r + 1. Calculate the remainder when j is divided by n.
5
Suppose 2*c = -5*g - c + 26, -44 = -5*g + 3*c. Let a be (-20)/8*(-8)/10. Suppose h - a*h = -4. Calculate the remainder when g is divided by h.
3
Let a be 2/(-2) + 12/4. Let k be 3/(9/12*a). Suppose 5*g - k*g = 132. What is the remainder when g is divided by 15?
14
Suppose r = -3*z + 22, -2*r - 18 = -3*z + 1. Suppose t = 0, 3*d + 3*t - 69 = 5*t. What is the remainder when d is divided by 0 + z - -1*1?
7
Suppose -2*d - 30 = -u - d, 20 = u - 3*d. What is the remainder when u is divided by 12?
11
Calculate the remainder when 44 is divided by 13 - (-3 + -3 + 4).
14
Let g(u) = -3*u**3 - u**2 - 2*u - 3. What is the remainder when (-19584)/(-238) - (-4)/(-14) is divided by g(-2)?
19
Let c = 11 - 41. Calculate the remainder when (1 - c/(-9))*-27 is divided by 16.
15
What is the remainder when (-3 + -1)*(-9 - -8) is divided by -1*(0 + 2 + -5)?
1
Let k(f) = 5*f**2 - 2*f. Let v = 10 - 8. Suppose 2*p - 3*p = -63. What is the remainder when p is divided by k(v)?
15
Suppose 3*w - 12 = -z + 7, -2*w - 5*z = -30. Suppose w*a - 4 = 6. Calculate the remainder when 5 is divided by a.
1
Suppose 84 = 15*b - 3*b. What is the remainder when 67 is divided by b?
4
Suppose 0 = -0*i + 10*i + 1000. Suppose -356 + 1205 = 5*u + 3*f, -5*f - 10 = 0. Let d = i + u. Calculate the remainder when d is divided by 24.
23
Let c(w) = -3*w + 23. Let f be c(10). What is the remainder when f + 8 - (-1 - -1) is divided by 1?
0
Let h = -13 + 28. Calculate the remainder when ((-4)/(-6))/(6/261) is divided by h.
14
Let p = 145 - 132. Calculate the remainder when p is divided by 5.
3
Let z(m) = m**3 + 2*m**2 + m - 7*m**2 + 6 - 2. Suppose 3*b = 5*y - 6 - 4, 0 = -b + 3*y - 10. Calculate the remainder when z(5) is divided by b.
4
Let k(c) = 26*c**2 - 1. Let b be k(1). Suppose -5*s - 3*f + 67 = 0, -3*s + 4*f + b = 2*f. What is the remainder when -2 + 3 + 19/1 is divided by s?
9
Let g(k) = k**2 + 4*k + 7. What is the remainder when g(-4) is divided by 5?
2
Suppose 0*g + 4 = 4*g. Calculate the remainder when 37 is divided by g/(2/4)*5.
7
Let m = -20 + 34. Calculate the remainder when 68 is divided by m.
12
Suppose -2*t + 262 = -4*j, 3*t - 289 = -2*j + 80. Calculate the remainder when t is divided by 18.
17
Let w(m) = 5*m - m**2 + 0 + 0. Suppose -x - 2 = -h - 5, -3*h - 15 = -4*x. Calculate the remainder when x is divided by w(4).
2
Suppose -y - 20 = -2*f, -28 = -4*f - 4*y - 0. Suppose f = s - 6. Calculate the remainder when s is divided by 4.
3
Suppose 0 = -g - 3*l - 3 + 2, 0 = -4*l - 8. Let y = 48 + -30. Let o = y - 0. What is the remainder when o is divided by g?
3
Suppose 4*t - 4*p - 148 = 0, -2*p - 114 = -4*t + t. Calculate the remainder when 118 is divided by t.
38
Let m(f) = f**3 - 7*f**2 - f + 8. Let u be m(7). Suppose 0 = 3*d - 2 - u. Suppose -l + 4 = -d. Calculate the remainder when l is divided by 3.
2
Let p(g) = -5*g**2 + g. Let c be p(1). Let y = c - -8. Let j(q) = q**3 - 4*q**2 + 4*q - 3. What is the remainder when 24 is divided by j(y)?
11
Let u = 143 - 91. Suppose 0 = -3*h + 7*h - u. Calculate the remainder when h is divided by 7.
6
Suppose 3*w = -a + 20, -3*a + 26 = 5*w - 26. Let n be ((-1)/3)/(1/(-6)). Suppose 0 = n*v - 20 + 4. What is the remainder when a is divided by v?
6
Calculate the remainder when 3/(36/536) - 1/(-3) is divided by 8.
5
Let f be (-3)/(-1 + 2/(-4)). Suppose -3*p + 148 = 3*a + 2*a, -f*a - p + 60 = 0. What is the remainder when a is divided by 17?
15
Suppose 20*g - 21*g + 4 = 0. What is the remainder when 9 is divided by g?
1
Let r be (-1 - 28/(-1))*2. Let i = r + -24. Calculate the remainder when i is divided by 8.
6
Let o be (180/(-35))/((-1)/7). Let q = 98 - o. Let f = q + -23. What is the remainder when f is divided by 14?
11
Let k be 0/(-2)*(-1)/(-2). Suppose k*c - 2*c = -42. Calculate the remainder when c is divided by 8.
5
Let z be 39/9 + 6/9. Suppose -2*y + 141 = -z*y. Let q = -32 - y. Calculate the remainder when 44 is divided by q.
14
Let w(s) = s**2 + 1. Let f be w(-2). Suppose -f*q + 207 = -123. What is the remainder when (4/1)/(12/q) is divided by 12?
10
Suppose -6*w + 5*w = -1. Calculate the remainder when 1 + -3 - (w + -23) is divided by 11.
9
Suppose -3*w - 2*x + 346 = -4*x, 5*x = w - 111. Calculate the remainder when w is divided by 40.
36
Let a(v) = v**2 - v. Let w be ((-15)/10)/((-6)/8). Suppose p - 3*g = 3*p - 10, -5*p = -4*g - w. Calculate the remainder when p is divided by a(2).
0
Let l = 33 + -26. What is the remainder when 20 is divided by l?
6
Suppose -c + 7 - 2 = -3*l, 5*l - 3 = -4*c. Suppose 9 = 4*a - a. Suppose -a*p - 2*i = 2*p - c, 0 = 2*i + 8. Calculate the remainder when 5 is divided by p.
1
Let s(q) = -6 + 6 + 20*q. Let v be s(1). Let a = v + -10. What is the remainder when 29 is divided by a?
9
Let f = -25 - -45. What is the remainder when f is divided by 12?
8
Suppose 4*v + g - 542 = 0, -3*v - 4*g + 192 = -221. Calculate the remainder when v is divided by 23.
20
Let k(s) = -s**3 - 4*s**2 - 6*s - 9. Let q be k(-6). Calculate the remainder when (-9)/(-6) - q/(-2) is divided by 13.
12
What is the remainder when (-2)/(7/(609/(-6))) is divided by 11?
7
Suppose 0 = 4*l - 16 - 20. Suppose -4*j + 53 = l. What is the remainder when 20 is divided by j?
9
Let g(v) be the second derivative of v**4/12 + v**3/2 - 3*v**2 - 2*v. Suppose -17 = -2*z + 7. What is the remainder when g(5) is divided by z?
10
Let h = -78 + 125. Let b = -83 - -154. Suppose 0 = 5*f - 3*o - b, -4*f - o + 58 = -3*o. What is the remainder when h is divided by f?
15
Suppose 2*c + 3*c = -5*v + 30, -c + 5*v = 12. Suppose c*g - 16 = 65. Let u(x) = 2*x - 4. Calculate the remainder when g is divided by u(9).
13
Let q(z) = -18*z + 2. Let o be q(-4). Suppose -o = -2*d - p - p, d = p + 33. Calculate the remainder when d is divided by (-24)/(-2) - -2 - 2.
11
Let k be (-30)/70 + 3/7. Suppose k*c + 11 = c. What is the remainder when (-14)/(0 + 4/(-6)) is divided by c?
10
Suppose -b + 2*w - 321 = -w, 0 = -w - 1. Calculate the remainder when ((-1)/(-3))/((-4)/b) is divided by 14.
13
Let c be 230/14 + (-6)/14. Let k = c - 2. Let y = -8 + 12. Calculate the remainder when k is divided by y.
2
What is the remainder when 0 - (-33 + -1 + 1) is divided by -1*(-6)/((-30)/(-85))?
16
Suppose g + 33 = 3*o, -o - 3*g + 45 = 2*o. Suppose -u + 5*u - o = 0. What is the remainder when 7 is divided by u?
1
Let y = 9 - 4. Suppose 2*d - 65 = -3*d + y*m, 2*d + 4*m = 14. What is the remainder when d is divided by 6?
5
Suppose 0 = 2*l + a - 49, -2*a = 2*l - 13 - 39. Calculate the remainder when 111 is divided by l.
19
Suppose -12 = -3*b - 0*b. Calculate the remainder when b is divided by 2.
0
Suppose 0 = 2*a - 87 + 73. Calculate the remainder when 21 is divided by a.
0
Let w = 93 + 39. What is the remainder when w is divided by 34?
30
Let a(h) = -h**3 - 6*h**2 - 2*h - 1. What is the remainder when a(-6) is divided by 1/1*5 - 2?
2
Let